e factors of t.
5
Suppose -k + s = -0*s - 5, 0 = -3*s + 9. List the prime factors of k.
2
Suppose f - s + 6 = -4*s, -4 = 5*f + 2*s. Suppose f = 4*p + p - 40. List the prime factors of p.
2
Suppose -u - 3*u - 57 = w, u = 0. Let f = 91 + w. Suppose -f = -3*n + 8. List the prime factors of n.
2, 7
Suppose 0 = s + 2 - 4. Suppose -s*c + 26 = -0*c. What are the prime factors of c?
13
Let j = -106 - -212. What are the prime factors of j?
2, 53
Let d be (-24)/(-10) - 2/5. Suppose 3*a - 10 = 4*m, 3*m + 0*a + 20 = -4*a. List the prime factors of (-1 - 7)*d/m.
2
Let w be (48/(-40))/((-4)/10). Let r = 22 + w. What are the prime factors of r?
5
Suppose 3*v - 367 - 203 = 0. What are the prime factors of v?
2, 5, 19
Let j be (-1 + 3)*(-1)/2. Let x = j - -3. Let g = 7 - x. What are the prime factors of g?
5
Let v(o) = -o**3 + 3*o + 2. Let x be v(-2). Suppose f = 3*f - 36. Suppose r + 18 = x*r + y, -3*r + 3*y + f = 0. List the prime factors of r.
2, 3
Let u = 44 + -20. What are the prime factors of u?
2, 3
Let o be 2/(1 + (-1)/3). Let l(b) = -b**3 - 5*b**2 - 3*b - 4. Let r be l(-4). List the prime factors of r/(-3) + (-2)/o.
2
Let s(r) = -r + 12. Let c be s(0). Suppose 0 = f - 6*f + 25, -3*f = -5*o. List the prime factors of o/c + (-38)/(-8).
5
Suppose 0*a = -2*a + 118. Suppose -3*b + a = 17. List the prime factors of b.
2, 7
Suppose -w + 0*a + 26 = -2*a, -2*w = -2*a - 62. List the prime factors of w.
2, 3
Let q(o) = o**3 + 7*o**2 + o + 5. Suppose 3*z + 4*f = -11 - 14, -5*f = z + 12. Let t be q(z). What are the prime factors of (7/2)/(t/(-4))?
7
Let b(c) = -c**3 + 8*c**2 - 9*c + 3. Let p be b(6). Let x = p + -11. Suppose -4*w - w = -x. What are the prime factors of w?
2
Let v(k) = 4*k**3 + 2*k**2 - k. List the prime factors of v(2).
2, 19
Let r be (-2)/4*-2 - -2. Let g(z) = -z**3 + 3*z**2 + 3*z + 3. List the prime factors of g(r).
2, 3
Let v(a) = -a**3 + 3*a**2 + 6*a - 1. Let n be v(4). Suppose -35 = -2*m - n. What are the prime factors of m?
2, 7
Let p = 276 - 116. What are the prime factors of p?
2, 5
Suppose -3*j = 2*t - 16 - 1, -3*j - 3 = -3*t. List the prime factors of (-95)/(-3) - (-1)/j.
2
Let a = 489 - 293. List the prime factors of a.
2, 7
Let t be -2*((-90)/(-4) + -2). Let k = t + 88. Suppose -3*c + 116 - k = 0. What are the prime factors of c?
23
Suppose 0 = 2*t + 2*t. Suppose 0 = -4*b + 4*k + 4 - 0, t = -3*b + 4*k. What are the prime factors of b?
2
Suppose 2*i + 2*t + 46 = 220, 5*i + 2*t - 438 = 0. What are the prime factors of i?
2, 11
Suppose w - 1 = -4*b + b, -3*b = 9. List the prime factors of w.
2, 5
Let d(y) = -y - 5*y + 2*y**2 + 2 - 3*y**2 - 5. Let b be d(-5). Suppose -3*v - b*v + 10 = 0. What are the prime factors of v?
2
Let v = -4 + 1. Let u = -5 - v. List the prime factors of 212/18 - u/9.
2, 3
Let j(l) = 9*l - 3. Let s(t) = -8*t + 2. Let n(z) = 6*j(z) + 7*s(z). What are the prime factors of n(-5)?
2, 3
Suppose 3*c + 5*b = -55, -5*c - 5*b + 0*b - 75 = 0. Let g = c - -27. Suppose -5*a - 7 = -g. List the prime factors of a.
2
Suppose 2*f = -0*f - 8. Let r = 5 + f. Suppose r + 14 = m. What are the prime factors of m?
3, 5
Let b be 438/(-14) + (-12)/(-42). Let f = b - -47. What are the prime factors of f?
2
List the prime factors of -3 - (4 - 10) - -7.
2, 5
Suppose 0 = -4*v + 179 - 15. Let b = -26 + v. List the prime factors of b.
3, 5
Let z(c) = 2*c**2 - 6*c + 1. Let r be z(4). Let b = 21 - r. List the prime factors of b.
2, 3
Suppose q + 2*q = 15, -3*m + 5*q = -98. What are the prime factors of m?
41
Let n(c) = c**3 + 6*c**2 - 2*c + 6. List the prime factors of n(-4).
2, 23
Let y(z) = 3*z**2 + 0*z**2 + 2*z - 2 + 6 - 2*z**2. What are the prime factors of y(-5)?
19
Let v be ((-3)/1)/(1/(-56)). Suppose -2*a - 3*a + 4*u + v = 0, -2*u = -4*a + 132. List the prime factors of a.
2
Let b(k) = 2*k**2 - 7*k - 5. List the prime factors of b(7).
2, 11
List the prime factors of 59 + 1 + -12 + 11.
59
Suppose -5*y + 117 = -118. List the prime factors of y.
47
Suppose 0*x + 152 = 4*x. Let j = 91 - x. Suppose -5*w - 8 = -j. List the prime factors of w.
3
Let n = 83 - 59. List the prime factors of (-70)/(-6)*n/8.
5, 7
Suppose -3*q = -5*q. Let i(g) = -g**2 - g + 12. What are the prime factors of i(q)?
2, 3
Let d be (-2)/4*-1*2. Suppose d = 5*c - 9. Suppose c*k = -3*q + 17, 2*q + 3 = 5*q. What are the prime factors of k?
7
Let a(d) = d**3 - 14*d**2 + 14*d - 13. Let l be a(13). Suppose -52 = -2*g + c + 3*c, l = -g + 3*c + 26. List the prime factors of g.
2, 13
Let f(j) be the first derivative of -j**4/4 - 2*j**3/3 + j**2/2 + 2*j - 1. What are the prime factors of f(-3)?
2
Let t be 8/(-7)*70/(-20). Suppose 3*n - t*x = 64 + 35, 4*x = 0. What are the prime factors of n?
3, 11
Let b(w) = 2*w + 6. Let t be b(-4). What are the prime factors of (-2 + -1)/(t/10)?
3, 5
Let t = -19 + 9. Let s(f) be the second derivative of -f**5/20 - 3*f**4/4 + 3*f**3/2 + 3*f**2 + 14*f. List the prime factors of s(t).
2
Suppose -k - b + 7 = 0, 5*b - 26 = -2*k + 3. Suppose -2*u + 8 = k*u. Suppose -u*j - 3 + 7 = 0. List the prime factors of j.
2
Let r be 0 + -3*4/12. Let t(j) = 11*j**2 - 1. What are the prime factors of t(r)?
2, 5
Let r = 183 - 105. What are the prime factors of r?
2, 3, 13
Let g(t) = t**3 + 14*t**2 + 13*t + 12. Let b be g(-13). What are the prime factors of (-4)/b + (-25)/(-3)?
2
Suppose m + m - 6 = 0, -5*m + 9 = -2*g. List the prime factors of g*((-6)/(-9) - 0).
2
Let p be (0 - 0/3)/(-1). Let h = p - 2. Let c = 6 - h. What are the prime factors of c?
2
Suppose 4*g + w = 6*w + 33, 0 = -g - 3*w - 13. Suppose -5*y = 5*p - 30, 3*y - 30 = -5*p - g. List the prime factors of -1*-1*11*y.
11
Let i = -3 - -7. Suppose 5*l - i*o - 7 = 0, 3*l = -0*o - o - 6. Let g = l - -5. What are the prime factors of g?
2
Let f(k) = k - 8. Let n(u) = 2*u - 17. Let r(s) = 13*f(s) - 6*n(s). What are the prime factors of r(5)?
3
Let i = -3 - -9. Let l(f) = f - 3. What are the prime factors of l(i)?
3
What are the prime factors of ((-2)/5)/((-5)/800)?
2
Let m(c) = -c**2 - 6*c + 2. Let k be m(-4). Let n be (-28)/(-8)*(3 - 1). Let z = k - n. What are the prime factors of z?
3
Let z(b) = 250*b**2 - b + 3. What are the prime factors of z(1)?
2, 3, 7
Let n(t) = t**2 + 6*t - 4. List the prime factors of n(-7).
3
Let w = -28 + 48. Suppose r + w = 3*r. What are the prime factors of r?
2, 5
Let w(x) = -x**2 + 6*x + 2. Let h be w(4). Suppose d - 15 = -4*y, 0 = -0*y - y + d + h. What are the prime factors of y?
5
Let m = 4 + -4. List the prime factors of (1 - -13) + m/12.
2, 7
Suppose -j - 50 = -6*j. Let m = 8 - 6. Suppose -m + j = x. What are the prime factors of x?
2
Suppose -s = -6*y + 2*y - 307, -2*s - 233 = 3*y. What are the prime factors of (-371)/y + (-2)/(-11)?
5
Suppose 7*z - 717 = 60. List the prime factors of z.
3, 37
Let q(b) = -b**3 - 4*b**2 - 2*b - 5. Let r be (-18)/24 + 26/(-8). Let z be q(r). Let s = 2 + z. What are the prime factors of s?
5
Suppose -10*r + 5*r = -90. What are the prime factors of r?
2, 3
Suppose -5*t + 160 = 635. What are the prime factors of 7/28 - t/4?
2, 3
Suppose -5*l = 3*f - 9, -2*l + 0*f = f - 4. List the prime factors of (-4 + l)*3*-11.
3, 11
Suppose -3*d - 1 + 13 = 0. Let k(c) = 3*c - 6. Let x be k(d). List the prime factors of (2 - (-4)/(-6))*x.
2
Suppose 5*m - 583 + 48 = 0. What are the prime factors of m?
107
Suppose -3*j + 4 = -5*k + 30, -4*j = 2*k. Let f(x) = x - 2. Let b be f(6). Let h = b + j. What are the prime factors of h?
2
Suppose 3*w + 0*w - 24 = 0. What are the prime factors of -20*w/(-2 + -2)?
2, 5
Let r be -2 + 0 + (1 - -13). Suppose -15 = -3*p + r. Let b = 3 + p. List the prime factors of b.
2, 3
Let g(f) = -43*f - 8. What are the prime factors of g(-3)?
11
Suppose -3*k + 4*p - 3*p = -460, -300 = -2*k + 4*p. List the prime factors of k.
2, 7, 11
Suppose 5*t = -4*a + 72, 0 = -a - t + 2*t + 9. List the prime factors of a.
13
Suppose -5*n - h = 4, -n - 4*h - 10 = 6. Suppose -4*g + 3*g + 30 = n. List the prime factors of g.
2, 3, 5
Let m = -1 - 1. Let k = 0 - m. Suppose l + 26 = 2*n + 5*l, 4 = k*l. List the prime factors of n.
3
Suppose 474 = 5*n - 296. List the prime factors of n.
2, 7, 11
Let z(n) = 10*n**2 - 1. Let w be z(-1). Let d = 3 - w. Let f = d - -8. List the prime factors of f.
2
Let r(w) = 2*w**2 - 3*w + 2. Suppose -2*x + x = -2. Let b be